by l(32).
21
Suppose 7*j - 87 = -10. Let u = 40 + 3. Calculate the remainder when u is divided by j.
10
Let n = 15 + -13. Suppose 3*j - 32 = -k, -2*j = n*k + 2*j - 54. What is the remainder when k is divided by 3?
2
Let v = 123 + -238. Let b = v + 167. What is the remainder when b is divided by 19?
14
Suppose -5*k = -4*a - 17, k + 0*a - 1 = 2*a. Suppose -2*p - 3*p + k = 0. Let i(b) = 19*b - 2. What is the remainder when i(p) is divided by 9?
8
Let f(m) = m**3 + 7*m**2 + 10*m + 26. Let q be f(-6). Suppose -5*g = 15, -4*g = v - q*g - 49. Calculate the remainder when v is divided by 12.
7
Let l(i) = i**3 + 6*i**2 + 4*i - 3. Suppose -2*j = -6*j - 40. Let r = 5 + j. What is the remainder when l(r) is divided by 1?
0
Let l(x) = -2*x + 81. Suppose 4*t - 3*r - 9 = 0, -4*r = -2*t + 1 + 11. What is the remainder when l(t) is divided by 21?
18
Let r(n) = -n**3 - 5*n**2 + 9*n - 10. Let u be 255/7 + (-4)/((-140)/(-15)). Suppose 4*j - 20 = u. Calculate the remainder when r(-7) is divided by j.
11
Suppose -m + 2*s + 9 - 1 = 0, -2*s = 3*m - 8. Suppose 19 = m*d - 1. Suppose 4*n + 1 = d*b - 18, 5*b - n - 16 = 0. What is the remainder when 9 is divided by b?
0
Let a(p) = 3*p + 9. Let c be a(-8). Let d = 36 + c. Calculate the remainder when 38 is divided by d.
17
Let z(h) = h**3 - 8*h**2 - 8*h - 7. Let w be z(9). Suppose 0 = -2*x + 3*x - 33. Suppose w*y + y = x. What is the remainder when 21 is divided by y?
10
Suppose 3*f - 2*m - 358 = 2*f, -4*f - m = -1441. Suppose 3*a + 3*p = -2*p + f, 3*a - 5*p = 390. What is the remainder when a is divided by 32?
29
Suppose 3*q - 3 + 0 = 0, 0 = -2*u - 4*q + 1160. What is the remainder when u is divided by 83?
80
Let p be (6/12)/(-1)*(-1 - -5). Let a = p - -83. Calculate the remainder when a is divided by 21.
18
Suppose -5*v - 61 = -4*y, y + v = 6*v + 34. Calculate the remainder when 106 is divided by y.
7
Let r(i) = 2*i**2 + 16*i - 31. Let m be r(-14). Let x = 223 - m. What is the remainder when x is divided by 29?
28
Suppose -4*d - 54 = -5*v, -6*d = v - 5*d - 18. What is the remainder when (-5)/(60/81)*-4 is divided by v?
13
Suppose -3*b = -3*k + b + 28, -5*k - 3*b = -66. Let o = 211 + -209. What is the remainder when k is divided by o?
0
Let v(q) = -q + 19. Let m(l) = l**2 - 13*l - 87. Let g be m(18). Let w = 29 + 0. Calculate the remainder when w is divided by v(g).
13
Let j(c) = c + 10. Let x be j(-9). Let t(a) = 3*a - 12. What is the remainder when x/(-1) - (-5 - 30) is divided by t(7)?
7
Suppose 8*s + 85 = 821. Calculate the remainder when s is divided by 26.
14
What is the remainder when (-3)/(3/644)*15/(-30) is divided by 82?
76
What is the remainder when (-44400)/(-111) - (0 + 2 - 1) is divided by 10?
9
Let o(z) = -z**3 - 2*z**2 - z - 5. Let g be -2 + 1498/63 + 4/18. Let v = g - 3. What is the remainder when o(-5) is divided by v?
18
Suppose 2*d = 3*a + 95, -94 = 3*a + d + 7. Let x be (-16)/88 - 171/a. Suppose -x*h = -0*h + 2*p - 160, 0 = p + 5. What is the remainder when h is divided by 12?
10
Let g(q) = 46*q**2 - 21 - 23*q - 96*q**2 + 49*q**2. Calculate the remainder when g(-17) is divided by 14.
11
Let n(m) = -m**3 - 6*m**2 + 4*m + 9. Let z be n(-6). Let c = z - -26. What is the remainder when 43 is divided by c?
10
Let v(y) = 7*y**2 + 66*y + 37. Calculate the remainder when v(-15) is divided by 26.
24
Let j(k) = 2*k**2 + k - 1. Let v be j(-2). Suppose -6 - 69 = v*u. What is the remainder when 46 is divided by (-3)/6*6 - u?
10
Suppose 3*m = y - 15, -m + 59 = 5*y - 0*m. Let d be 124/5*30/y. Let a = -35 + d. What is the remainder when a is divided by 14?
13
Calculate the remainder when 392 is divided by 4/42 - (-10556)/294.
32
Suppose -3*q = 3*p - 33, 7*p - 4*p - 2*q - 8 = 0. Calculate the remainder when 26 is divided by p.
2
Let i = 14 - 11. Suppose -3*w - v + 36 = 0, 3*v + 0 = -i*w + 30. Suppose 3*l - 12 = 12. Calculate the remainder when w is divided by l.
5
Let h = -110 - -154. Let r(f) = f**3 - 9*f**2 - 16*f - 67. What is the remainder when r(12) is divided by h?
41
Let w(a) = -635*a - 38. Let f be w(9). Let d be -59 - -2 - (1 + -3). What is the remainder when f/d - 6/10 is divided by 21?
20
Let r(g) = -g**2 + 52*g + 111. Suppose 2 = -2*m + 8. Suppose -2*f = -a - 14, m*f + 4*a - 7 = 3. What is the remainder when f is divided by r(54)?
0
Suppose 436 + 586 = 14*k. Calculate the remainder when k is divided by 19.
16
Suppose -3*l - 1 = 2*k + 11, k - 2*l = 1. Let c = -3 - k. What is the remainder when c/(2 - 3) + 34 is divided by 18?
16
Let j(s) = -s**2 - 70*s + 74. Calculate the remainder when j(-53) is divided by 89.
85
Let t = -3 - -1. Let q be (-2)/(5/(15/t)). Suppose 2*v + 0*c - 73 = -q*c, -68 = -2*v - 2*c. Calculate the remainder when v is divided by 5.
4
Let y(l) = -l + 60. What is the remainder when y(4) is divided by 6/(-4) - 33/(-2)?
11
Let m = 3 - -18. Suppose -m = -3*g + 54. What is the remainder when 48 is divided by g?
23
Suppose 790 = 59*k + 20*k. What is the remainder when 321 is divided by k?
1
Let v(k) = -2*k**2 - 64*k - 41. What is the remainder when 627 is divided by v(-31)?
18
Let g(k) = k + 7. Let t be g(8). Calculate the remainder when 69 is divided by t - 2*(-3)/6*3.
15
What is the remainder when (-1)/((-2)/(-6)) - (-46 - -23) is divided by (-594)/(-77) + 4/14?
4
Let o be 18/117 + (-2)/13. Suppose -3*r + o = -18. Calculate the remainder when 3 is divided by 3/1 - (r - 6).
0
Suppose -4*k = -2*q + 10, q = -4*q + 3*k + 18. What is the remainder when q is divided by 3 - (30/(-6) + 6)?
1
Let d = 1121 - 748. Calculate the remainder when d is divided by 25.
23
Suppose 14*o - 58 = 40. Suppose 3*b + 5 = 4*b. What is the remainder when o is divided by b?
2
Suppose -4*c = 5*u + 122, 2*u + 10 + 106 = -4*c. Let x = c - -12. Let h = -1 - x. What is the remainder when h is divided by 8?
7
Suppose 2*r - 6*r - 16 = 0, -14 = -5*o + r. Suppose 5*z + 2*s = 72, -o*z + 2*s = 2*z - 72. Calculate the remainder when 63 is divided by z.
15
Let g be (-204)/30 + 4/5. Let q = 44 - g. Calculate the remainder when q is divided by 17.
16
Let g be -12*1/(18/(-6)). Suppose 12*j + g*f = 8*j + 56, j - 10 = f. What is the remainder when j is divided by 5?
2
Let r be (-1237)/(-13) - 12/78. Let b = r + -86. What is the remainder when 1 + -1 - -1 - -34 is divided by b?
8
Let c = -219 + 235. Let i be 1 - (4/(-2) - 4). Let h(g) = -g**3 + 8*g**2 - g + 5. Calculate the remainder when h(i) is divided by c.
15
Let y(z) = -z**3 + 10*z**2 - 10*z + 2. Let t = -32 - -20. Let x be 24/36*t/(-1). What is the remainder when y(x) is divided by 13?
11
Suppose -x = -3*x + 4. Suppose -2*f = 8, 12 = 4*h + x*f - 5*f. Suppose 2*a - 57 = -s, 3*a - 4*s - 40 - 18 = h. Calculate the remainder when a is divided by 9.
8
Let y(u) = 5*u**2 + 2*u + 18. Let r be y(5). Let l = 166 - r. Calculate the remainder when 89 is divided by l.
11
Let z = -13 + 16. Suppose -z*x = 0, -x - 155 = -5*i - 0*x. What is the remainder when i is divided by 7?
3
What is the remainder when (25 - 26)/((-2)/464) is divided by 8?
0
Let b(s) = -s**3 + 5*s**2 + 7*s. Let x be b(6). Let z = x + 12. What is the remainder when 71 is divided by z?
17
Calculate the remainder when 263 is divided by (1 + 0 - 5) + 7772/134.
47
Suppose 1005 = 85*a - 80*a. Calculate the remainder when a is divided by 69.
63
Let k(o) = -11*o - 179. What is the remainder when k(-21) is divided by 40?
12
Suppose 4*t = k + 96, -4*t + 25 = t. Let h = k + 85. What is the remainder when 13 is divided by h?
4
Suppose m + 3*s = s + 107, -285 = -3*m + 3*s. What is the remainder when m is divided by 26?
21
Suppose -5*d + d - 72 = 0. Calculate the remainder when 4/d - (472/(-18) + 3) is divided by 9.
5
Let c be 0/(-4) + 2 + 18. Let h = c + 13. What is the remainder when 65 is divided by h?
32
Let f(m) = m**2 + 14*m + 9. Let w = -51 - -35. Calculate the remainder when f(w) is divided by 14.
13
Suppose 96*v - 1540 = 89*v. What is the remainder when v is divided by 45?
40
Let v be 2/2*(-25)/(-5). Let j be 25/(-5)*8/v. What is the remainder when -6*(-7)/j*-4 is divided by 8?
5
Suppose -3*w + 582 = -w - 5*f, -883 = -3*w + 5*f. Let r = w - 208. Calculate the remainder when r is divided by 19.
17
Let y(m) = -10*m + 2. Suppose -4*z + 18 = 22. What is the remainder when 59 is divided by y(z)?
11
Suppose -1726 - 1774 = -5*r. Calcula